{"id":60,"date":"2022-03-23T16:16:16","date_gmt":"2022-03-23T16:16:16","guid":{"rendered":"http:\/\/30-jahre-dra.org\/?post_type=te_announcements&#038;p=60"},"modified":"2022-03-29T10:49:15","modified_gmt":"2022-03-29T08:49:15","slug":"2019-2","status":"publish","type":"te_announcements","link":"http:\/\/30-jahre-dra.org\/?te_announcements=2019-2","title":{"rendered":"2019"},"content":{"rendered":"<p>Am 27.\/28. September er\u00f6ffnete der DRA in Slovjansk im Gebiet Donezk (Ukraine) das NGO-Ressourcenzentrum\u00a0<a title=\"Urspr\u00fcngliche URL: https:\/\/civi.austausch.org\/wp-content\/plugins\/civicrm\/civicrm\/extern\/url.php?u=8347&amp;qid=396607. Klicken oder tippen Sie, wenn Sie diesem Link Vertrauen.\" href=\"https:\/\/eur04.safelinks.protection.outlook.com\/?url=https%3A%2F%2Fcivi.austausch.org%2Fwp-content%2Fplugins%2Fcivicrm%2Fcivicrm%2Fextern%2Furl.php%3Fu%3D8347%26qid%3D396607&amp;data=01%7C01%7Cekaterina.moroko%40austausch.org%7C6749a0608416424433c808d7724f1822%7C28d63fa7cb5344c0b9a8fca48fe58c1c%7C0&amp;sdata=QlM5QfG6heidW%2BVLMwBHSvqsEDREgHNXj9Anp9a9qR8%3D&amp;reserved=0\" target=\"_blank\" rel=\"noopener noreferrer\" data-auth=\"Verified\">Drukarnia \u2013 Civil Society Center Sloviansk<\/a>. Die neue Einrichtung ist Teil des Projekts \u201e<a title=\"Urspr\u00fcngliche URL: https:\/\/civi.austausch.org\/wp-content\/plugins\/civicrm\/civicrm\/extern\/url.php?u=8348&amp;qid=396607. Klicken oder tippen Sie, wenn Sie diesem Link Vertrauen.\" href=\"https:\/\/eur04.safelinks.protection.outlook.com\/?url=https%3A%2F%2Fcivi.austausch.org%2Fwp-content%2Fplugins%2Fcivicrm%2Fcivicrm%2Fextern%2Furl.php%3Fu%3D8348%26qid%3D396607&amp;data=01%7C01%7Cekaterina.moroko%40austausch.org%7C6749a0608416424433c808d7724f1822%7C28d63fa7cb5344c0b9a8fca48fe58c1c%7C0&amp;sdata=O3fs7pCpHswiPAgwpzXA5BnhOYXN7liGUa8ETL8DAgI%3D&amp;reserved=0\" target=\"_blank\" rel=\"noopener noreferrer\" data-auth=\"Verified\">Dialog f\u00fcr Verst\u00e4ndigung und Recht: Europ\u00e4ische NGOs gemeinsam f\u00fcr Konfliktbew\u00e4ltigung im Donbass<\/a>\u201c (F\u00f6rderung: Ausw\u00e4rtiges Amt). Aufgabe des Zentrums ist es, die Zivilgesellschaft der Stadt und im ukrainisch kontrollierten Teil der Konfliktregion zu st\u00e4rken und sie bei der Konsolidierung ihrer Arbeit und ihrer \u00fcberregionalen und internationalen Vernetzung zu unterst\u00fctzen.<\/p>\n<p>&nbsp;<\/p>\n<p>&nbsp;<\/p>\n<p><a href=\"https:\/\/memorial.de\/joomla\/images\/Zwischen-den-Fronten-Ostukraine-2015.pdf\">Publikation: Zwischen den Fronten<\/a><\/p>\n<p>24.Berliner Herbstgespr\u00e4che 2019: <strong>\u201e<\/strong><strong>Ausstieg aus der Gewaltspirale: Radikalisierungspr\u00e4vention in Ost- und Westeuropa<\/strong><strong>\u201c<\/strong><\/p>\n","protected":false},"parent":0,"comment_status":"closed","ping_status":"closed","template":"","class_list":["post-60","te_announcements","type-te_announcements","status-publish","hentry","timeline_express_categories-2012-2022"],"announcement_date":"Announcement Date: 23. M\u00e4rz 2019","announcement_image":{"iframe":false,"url":"http:\/\/30-jahre-dra.org\/wp-content\/uploads\/2022\/03\/2019.png"},"_links":{"self":[{"href":"http:\/\/30-jahre-dra.org\/index.php?rest_route=\/wp\/v2\/announcement\/60","targetHints":{"allow":["GET"]}}],"collection":[{"href":"http:\/\/30-jahre-dra.org\/index.php?rest_route=\/wp\/v2\/announcement"}],"about":[{"href":"http:\/\/30-jahre-dra.org\/index.php?rest_route=\/wp\/v2\/types\/te_announcements"}],"replies":[{"embeddable":true,"href":"http:\/\/30-jahre-dra.org\/index.php?rest_route=%2Fwp%2Fv2%2Fcomments&post=60"}],"wp:attachment":[{"href":"http:\/\/30-jahre-dra.org\/index.php?rest_route=%2Fwp%2Fv2%2Fmedia&parent=60"}],"curies":[{"name":"wp","href":"https:\/\/api.w.org\/{rel}","templated":true}]}}

<p>Am 27./28. September eröffnete der DRA in Slovjansk im Gebiet Donezk (Ukraine) das NGO-Ressourcenzentrum <a title="Ursprüngliche URL: https://civi.austausch.org/wp-content/plugins/civicrm/civicrm/extern/url.php?u=8347&amp;qid=396607. Klicken oder tippen Sie, wenn Sie diesem Link Vertrauen." href="https://eur04.safelinks.protection.outlook.com/?url=https%3A%2F%2Fcivi.austausch.org%2Fwp-content%2Fplugins%2Fcivicrm%2Fcivicrm%2Fextern%2Furl.php%3Fu%3D8347%26qid%3D396607&amp;data=01%7C01%7Cekaterina.moroko%40austausch.org%7C6749a0608416424433c808d7724f1822%7C28d63fa7cb5344c0b9a8fca48fe58c1c%7C0&amp;sdata=QlM5QfG6heidW%2BVLMwBHSvqsEDREgHNXj9Anp9a9qR8%3D&amp;reserved=0" target="_blank" rel="noopener noreferrer" data-auth="Verified">Drukarnia – Civil Society Center Sloviansk</a>. Die neue Einrichtung ist Teil des Projekts „<a title="Ursprüngliche URL: https://civi.austausch.org/wp-content/plugins/civicrm/civicrm/extern/url.php?u=8348&amp;qid=396607. Klicken oder tippen Sie, wenn Sie diesem Link Vertrauen." href="https://eur04.safelinks.protection.outlook.com/?url=https%3A%2F%2Fcivi.austausch.org%2Fwp-content%2Fplugins%2Fcivicrm%2Fcivicrm%2Fextern%2Furl.php%3Fu%3D8348%26qid%3D396607&amp;data=01%7C01%7Cekaterina.moroko%40austausch.org%7C6749a0608416424433c808d7724f1822%7C28d63fa7cb5344c0b9a8fca48fe58c1c%7C0&amp;sdata=O3fs7pCpHswiPAgwpzXA5BnhOYXN7liGUa8ETL8DAgI%3D&amp;reserved=0" target="_blank" rel="noopener noreferrer" data-auth="Verified">Dialog für Verständigung und Recht: Europäische NGOs gemeinsam für Konfliktbewältigung im Donbass</a>“ (Förderung: Auswärtiges Amt). Aufgabe des Zentrums ist es, die Zivilgesellschaft der Stadt und im ukrainisch kontrollierten Teil der Konfliktregion zu stärken und sie bei der Konsolidierung ihrer Arbeit und ihrer überregionalen und internationalen Vernetzung zu unterstützen.</p>
<p>&nbsp;</p>
<p>&nbsp;</p>
<p><a href="https://memorial.de/joomla/images/Zwischen-den-Fronten-Ostukraine-2015.pdf">Publikation: Zwischen den Fronten</a></p>
<p>24.Berliner Herbstgespräche 2019: <strong>„</strong><strong>Ausstieg aus der Gewaltspirale: Radikalisierungsprävention in Ost- und Westeuropa</strong><strong>“</strong></p>

Announcement Date: 23. März 2019
