{"id":99,"date":"2022-03-23T16:47:54","date_gmt":"2022-03-23T16:47:54","guid":{"rendered":"http:\/\/30-jahre-dra.org\/?post_type=te_announcements&#038;p=99"},"modified":"2022-03-28T20:37:33","modified_gmt":"2022-03-28T18:37:33","slug":"2006-2","status":"publish","type":"te_announcements","link":"http:\/\/30-jahre-dra.org\/?te_announcements=2006-2","title":{"rendered":"2006"},"content":{"rendered":"<p>&nbsp;<\/p>\n<p>Beteiligung an der Studie \u201eDemokratiebildung in der Ukraine und Belarus\u201c f\u00fcr die \u201eStiftung Erinnerung, Verantwortung, Zukunft\u201c (EVZ)<\/p>\n<p>&nbsp;<\/p>\n<p>Stefan Melle \u00fcbernimmt die Gesch\u00e4ftsf\u00fchrung<\/p>\n<p>W\u00e4hrend die Teilnehmer_innen des Austauschjahrs 2005\/06 in Deutschland und Russland in K\u00fcrze die Halbzeit ihres Aufenthalts feiern, hat der DRA St. Petersburg mit dem Auswahlverfahren f\u00fcr 2006\/07 begonnen<\/p>\n<p>11. Herbstgespr\u00e4che 2006: <strong><em>&#8222;<a href=\"https:\/\/austausch.org\/files\/DRA\/Fotos\/Projekte\/Herbstgespr\u00e4che\/Programm_Herbstgespraeche_2006.pdf\">Xenophobie &#8211; Fremdenfeindlichkeit, Gewalt und Identit\u00e4tspolitik in Russland und Deutschland<\/a>&#8222;<\/em><\/strong><\/p>\n<table style=\"border-collapse: collapse; width: 66px; height: 38px;\" width=\"195\">\n<tbody>\n<tr style=\"height: 90.0pt;\">\n<td class=\"xl51\" style=\"width: 146pt; height: 90.0pt;\" width=\"195\" height=\"120\"><\/td>\n<\/tr>\n<tr style=\"height: 30.0pt;\">\n<td class=\"xl75\" style=\"width: 146pt; height: 30.0pt;\" width=\"195\" height=\"40\"><\/td>\n<\/tr>\n<\/tbody>\n<\/table>\n","protected":false},"parent":0,"comment_status":"closed","ping_status":"closed","template":"","class_list":["post-99","te_announcements","type-te_announcements","status-publish","hentry","timeline_express_categories-2002-2012"],"announcement_date":"Announcement Date: 23. M\u00e4rz 2006","announcement_image":{"iframe":false,"url":"http:\/\/30-jahre-dra.org\/wp-content\/uploads\/2022\/03\/2006_Minsk.bmp"},"_links":{"self":[{"href":"http:\/\/30-jahre-dra.org\/index.php?rest_route=\/wp\/v2\/announcement\/99","targetHints":{"allow":["GET"]}}],"collection":[{"href":"http:\/\/30-jahre-dra.org\/index.php?rest_route=\/wp\/v2\/announcement"}],"about":[{"href":"http:\/\/30-jahre-dra.org\/index.php?rest_route=\/wp\/v2\/types\/te_announcements"}],"replies":[{"embeddable":true,"href":"http:\/\/30-jahre-dra.org\/index.php?rest_route=%2Fwp%2Fv2%2Fcomments&post=99"}],"wp:attachment":[{"href":"http:\/\/30-jahre-dra.org\/index.php?rest_route=%2Fwp%2Fv2%2Fmedia&parent=99"}],"curies":[{"name":"wp","href":"https:\/\/api.w.org\/{rel}","templated":true}]}}

<p>&nbsp;</p>
<p>Beteiligung an der Studie „Demokratiebildung in der Ukraine und Belarus“ für die „Stiftung Erinnerung, Verantwortung, Zukunft“ (EVZ)</p>
<p>&nbsp;</p>
<p>Stefan Melle übernimmt die Geschäftsführung</p>
<p>Während die Teilnehmer_innen des Austauschjahrs 2005/06 in Deutschland und Russland in Kürze die Halbzeit ihres Aufenthalts feiern, hat der DRA St. Petersburg mit dem Auswahlverfahren für 2006/07 begonnen</p>
<p>11. Herbstgespräche 2006: <strong><em>&#8222;<a href="https://austausch.org/files/DRA/Fotos/Projekte/Herbstgespräche/Programm_Herbstgespraeche_2006.pdf">Xenophobie &#8211; Fremdenfeindlichkeit, Gewalt und Identitätspolitik in Russland und Deutschland</a>&#8222;</em></strong></p>
<table style="border-collapse: collapse; width: 66px; height: 38px;" width="195">
<tbody>
<tr style="height: 90.0pt;">
<td class="xl51" style="width: 146pt; height: 90.0pt;" width="195" height="120"></td>
</tr>
<tr style="height: 30.0pt;">
<td class="xl75" style="width: 146pt; height: 30.0pt;" width="195" height="40"></td>
</tr>
</tbody>
</table>

Announcement Date: 23. März 2006
