{"id":9,"date":"2022-03-23T15:23:46","date_gmt":"2022-03-23T15:23:46","guid":{"rendered":"http:\/\/30-jahre-dra.org\/?page_id=9"},"modified":"2022-03-28T11:24:32","modified_gmt":"2022-03-28T09:24:32","slug":"ueber-uns","status":"publish","type":"page","link":"http:\/\/30-jahre-dra.org\/?page_id=9","title":{"rendered":"\u00dcber uns"},"content":{"rendered":"\n<h1 class=\"wp-block-heading\">Leitbild: Die Wertegrundlage unserer Arbeit<\/h1>\n\n\n\n<p><\/p>\n\n\n\n<h3 class=\"has-text-align-center wp-block-heading\"><strong>Der DRA e.V. setzt sich seit 1992 gemeinsam mit seinen internationalen Partnern f\u00fcr einen offenen und friedlichen Dialog zwischen Deutschland und den L\u00e4ndern Osteuropas ein.<\/strong><\/h3>\n\n\n\n<p><\/p>\n\n\n\n<h2 class=\"wp-block-heading\">F\u00fcr eine Europ\u00e4ische Zivilgesellschaft<\/h2>\n\n\n\n<p>Der deutsch-russische Dialog, f\u00fcr den wir uns einsetzen, ist ein wichtiger Baustein beim Entstehen einer europ\u00e4ischen Zivilgesellschaft, die auch die Gesellschaften jenseits der Grenzen der Europ\u00e4ischen Union einschlie\u00dft. Europa ist mehr als die EU. Wir wollen deshalb die Au\u00dfengrenzen der Europ\u00e4ischen Union durchl\u00e4ssiger machen. Jeder \u201eFestungsmentalit\u00e4t&#8220;, egal auf welcher Seite, treten wir entgegen.<\/p>\n\n\n\n<h2 class=\"wp-block-heading\">F\u00fcr den Dialog der Menschen und Gesellschaften<\/h2>\n\n\n\n<p>Begegnung, Dialog und gleichberechtigte Zusammenarbeit zwischen den Menschen in Deutschland, Russland und den anderen L\u00e4ndern Europas sind die Mittel, auf die wir setzen. Ausgangspunkt unserer Arbeit sind die Menschen und ihre Bereitschaft zum Engagement. Offizielle Beziehungen sind wichtig. Wirkliche und nachhaltige Ver\u00e4nderungen beginnen aber als demokratischer Prozess bei und mit den Menschen selbst.<\/p>\n\n\n\n<h2 class=\"wp-block-heading\">Lernen mit- und voreinander<\/h2>\n\n\n\n<p>Intensive Kontakte, gemeinsames Arbeiten und pluralistischer Meinungsaustausch erm\u00f6glichen das Lernen mit- und voneinander, die deutsch-russisch-europ\u00e4ische Verst\u00e4ndigung und dauerhafte Beziehungen nach dem Prinzip der Gegenseitigkeit. Wir ver\u00e4ndern uns in diesem Prozess ebenso wie unsere Partner. Kritik und Selbstkritik geh\u00f6ren zusammen. Dieser Lernprozess ist selbst Ziel unserer Arbeit und niemals abgeschlossen.<\/p>\n\n\n\n<h2 class=\"wp-block-heading\">F\u00fcr ein unverstelltes, geschichtsbewusstes Bild voreinander<\/h2>\n\n\n\n<p>Der DRA arbeitet f\u00fcr ein von Klischees und medialen Zuspitzungen befreites Bild vom jeweils anderen wie sich selbst. Viele dieser Verzerrungen haben &#8211; in Russland wie in Deutschland und anderen europ\u00e4ischen L\u00e4ndern &#8211; ihre fortwirkenden Gr\u00fcnde in der Geschichte. Sie behindern Zusammenarbeit auch auf anderen Gebieten. Geschichtsbewusstsein und -aufarbeitung (insbesondere des deutschen Vernichtungskrieges und der Diktaturen in beiden L\u00e4ndern im 20. Jahrhundert) sind deshalb ebenso wichtig wie die differenzierte Kenntnis der gesellschaftlichen Situation heute. Der Dialog der Erinnerungen dient der Europ\u00e4isierung des Ged\u00e4chtnisses.<\/p>\n\n\n\n<h2 class=\"wp-block-heading\">F\u00fcr b\u00fcrgerschaftliche Beteiligung als Normalfall<\/h2>\n\n\n\n<p>Die friedliche Einmischung in die inneren Verh\u00e4ltnisse des eigenen wie des jeweils anderen Landes ist der Normalfall zivilgesellschaftlicher zwischenstaatlicher Beziehungen. Der DRA engagiert sich deshalb in allen Fragen der b\u00fcrgerlichen, politischen, sozialen und kulturellen Freiheiten und Rechte und tritt f\u00fcr sie nicht nur im eigenen Land ein. Unabh\u00e4ngige Medien, pluralistische Gesellschaften und demokratische Institutionen sind f\u00fcr den DRA \u00fcberall unerl\u00e4ssliche Orientierungen.<\/p>\n\n\n\n<h2 class=\"wp-block-heading\">Information, Bildung, Vernetzung als Instrumente<\/h2>\n\n\n\n<p>Dialog, Lernen, gesellschaftliche Ver\u00e4nderung: Unsere Arbeit f\u00fcr die Umsetzung dieser Ziele umfasst die Bereiche Soziales und Umweltschutz, Medien, Demokratie und Menschenrechte, europ\u00e4ische Integration und Erinnerung, Konfliktbew\u00e4ltigung und Antidiskriminierung, Generationendialog und Unterst\u00fctzung benachteiligter Gruppen. Unsere Instrumente sind dabei zivilgesellschaftliche Kooperation und Nichtregierungsdiplomatie, l\u00e4nder- und sektoren\u00fcbergreifende Vernetzung, Bildungs- und Austauschprojekte, die Beratung von Stiftungen, politischen Akteuren und anderen Multiplikatoren sowie die Beteiligung an \u00f6ffentlichen Debatten.<\/p>\n\n\n\n<h2 class=\"wp-block-heading\">Mitglieder und F\u00f6rderer als Basis<\/h2>\n\n\n\n<p>Die ideelle Beteiligung und finanzielle Unterst\u00fctzung unserer F\u00f6rderer und Mitglieder ist das Fundament der Organisation. Unsere Arbeit ist ausschlie\u00dflich durch Spenden und projektgebundene Zuwendungen finanziert &#8212; die Voraussetzung unserer Unabh\u00e4ngigkeit.<\/p>\n","protected":false},"excerpt":{"rendered":"<p>Leitbild: Die Wertegrundlage unserer Arbeit Der DRA e.V. setzt sich seit 1992 gemeinsam mit seinen internationalen Partnern f\u00fcr einen offenen und friedlichen Dialog zwischen Deutschland und den L\u00e4ndern Osteuropas ein. F\u00fcr eine Europ\u00e4ische Zivilgesellschaft Der deutsch-russische Dialog, f\u00fcr den wir uns einsetzen, ist ein wichtiger Baustein beim Entstehen einer europ\u00e4ischen Zivilgesellschaft, die auch die Gesellschaften [&hellip;]<\/p>\n","protected":false},"author":1,"featured_media":0,"parent":0,"menu_order":0,"comment_status":"closed","ping_status":"closed","template":"","meta":{"footnotes":""},"class_list":["post-9","page","type-page","status-publish","hentry"],"_links":{"self":[{"href":"http:\/\/30-jahre-dra.org\/index.php?rest_route=\/wp\/v2\/pages\/9","targetHints":{"allow":["GET"]}}],"collection":[{"href":"http:\/\/30-jahre-dra.org\/index.php?rest_route=\/wp\/v2\/pages"}],"about":[{"href":"http:\/\/30-jahre-dra.org\/index.php?rest_route=\/wp\/v2\/types\/page"}],"author":[{"embeddable":true,"href":"http:\/\/30-jahre-dra.org\/index.php?rest_route=\/wp\/v2\/users\/1"}],"replies":[{"embeddable":true,"href":"http:\/\/30-jahre-dra.org\/index.php?rest_route=%2Fwp%2Fv2%2Fcomments&post=9"}],"version-history":[{"count":3,"href":"http:\/\/30-jahre-dra.org\/index.php?rest_route=\/wp\/v2\/pages\/9\/revisions"}],"predecessor-version":[{"id":160,"href":"http:\/\/30-jahre-dra.org\/index.php?rest_route=\/wp\/v2\/pages\/9\/revisions\/160"}],"wp:attachment":[{"href":"http:\/\/30-jahre-dra.org\/index.php?rest_route=%2Fwp%2Fv2%2Fmedia&parent=9"}],"curies":[{"name":"wp","href":"https:\/\/api.w.org\/{rel}","templated":true}]}}

Über uns

<h1 class="wp-block-heading">Leitbild: Die Wertegrundlage unserer Arbeit</h1>



<p></p>



<h3 class="has-text-align-center wp-block-heading"><strong>Der DRA e.V. setzt sich seit 1992 gemeinsam mit seinen internationalen Partnern für einen offenen und friedlichen Dialog zwischen Deutschland und den Ländern Osteuropas ein.</strong></h3>



<p></p>



<h2 class="wp-block-heading">Für eine Europäische Zivilgesellschaft</h2>



<p>Der deutsch-russische Dialog, für den wir uns einsetzen, ist ein wichtiger Baustein beim Entstehen einer europäischen Zivilgesellschaft, die auch die Gesellschaften jenseits der Grenzen der Europäischen Union einschließt. Europa ist mehr als die EU. Wir wollen deshalb die Außengrenzen der Europäischen Union durchlässiger machen. Jeder „Festungsmentalität&#8220;, egal auf welcher Seite, treten wir entgegen.</p>



<h2 class="wp-block-heading">Für den Dialog der Menschen und Gesellschaften</h2>



<p>Begegnung, Dialog und gleichberechtigte Zusammenarbeit zwischen den Menschen in Deutschland, Russland und den anderen Ländern Europas sind die Mittel, auf die wir setzen. Ausgangspunkt unserer Arbeit sind die Menschen und ihre Bereitschaft zum Engagement. Offizielle Beziehungen sind wichtig. Wirkliche und nachhaltige Veränderungen beginnen aber als demokratischer Prozess bei und mit den Menschen selbst.</p>



<h2 class="wp-block-heading">Lernen mit- und voreinander</h2>



<p>Intensive Kontakte, gemeinsames Arbeiten und pluralistischer Meinungsaustausch ermöglichen das Lernen mit- und voneinander, die deutsch-russisch-europäische Verständigung und dauerhafte Beziehungen nach dem Prinzip der Gegenseitigkeit. Wir verändern uns in diesem Prozess ebenso wie unsere Partner. Kritik und Selbstkritik gehören zusammen. Dieser Lernprozess ist selbst Ziel unserer Arbeit und niemals abgeschlossen.</p>



<h2 class="wp-block-heading">Für ein unverstelltes, geschichtsbewusstes Bild voreinander</h2>



<p>Der DRA arbeitet für ein von Klischees und medialen Zuspitzungen befreites Bild vom jeweils anderen wie sich selbst. Viele dieser Verzerrungen haben &#8211; in Russland wie in Deutschland und anderen europäischen Ländern &#8211; ihre fortwirkenden Gründe in der Geschichte. Sie behindern Zusammenarbeit auch auf anderen Gebieten. Geschichtsbewusstsein und -aufarbeitung (insbesondere des deutschen Vernichtungskrieges und der Diktaturen in beiden Ländern im 20. Jahrhundert) sind deshalb ebenso wichtig wie die differenzierte Kenntnis der gesellschaftlichen Situation heute. Der Dialog der Erinnerungen dient der Europäisierung des Gedächtnisses.</p>



<h2 class="wp-block-heading">Für bürgerschaftliche Beteiligung als Normalfall</h2>



<p>Die friedliche Einmischung in die inneren Verhältnisse des eigenen wie des jeweils anderen Landes ist der Normalfall zivilgesellschaftlicher zwischenstaatlicher Beziehungen. Der DRA engagiert sich deshalb in allen Fragen der bürgerlichen, politischen, sozialen und kulturellen Freiheiten und Rechte und tritt für sie nicht nur im eigenen Land ein. Unabhängige Medien, pluralistische Gesellschaften und demokratische Institutionen sind für den DRA überall unerlässliche Orientierungen.</p>



<h2 class="wp-block-heading">Information, Bildung, Vernetzung als Instrumente</h2>



<p>Dialog, Lernen, gesellschaftliche Veränderung: Unsere Arbeit für die Umsetzung dieser Ziele umfasst die Bereiche Soziales und Umweltschutz, Medien, Demokratie und Menschenrechte, europäische Integration und Erinnerung, Konfliktbewältigung und Antidiskriminierung, Generationendialog und Unterstützung benachteiligter Gruppen. Unsere Instrumente sind dabei zivilgesellschaftliche Kooperation und Nichtregierungsdiplomatie, länder- und sektorenübergreifende Vernetzung, Bildungs- und Austauschprojekte, die Beratung von Stiftungen, politischen Akteuren und anderen Multiplikatoren sowie die Beteiligung an öffentlichen Debatten.</p>



<h2 class="wp-block-heading">Mitglieder und Förderer als Basis</h2>



<p>Die ideelle Beteiligung und finanzielle Unterstützung unserer Förderer und Mitglieder ist das Fundament der Organisation. Unsere Arbeit ist ausschließlich durch Spenden und projektgebundene Zuwendungen finanziert &#8212; die Voraussetzung unserer Unabhängigkeit.</p>

<p>Leitbild: Die Wertegrundlage unserer Arbeit Der DRA e.V. setzt sich seit 1992 gemeinsam mit seinen internationalen Partnern für einen offenen und friedlichen Dialog zwischen Deutschland und den Ländern Osteuropas ein. Für eine Europäische Zivilgesellschaft Der deutsch-russische Dialog, für den wir uns einsetzen, ist ein wichtiger Baustein beim Entstehen einer europäischen Zivilgesellschaft, die auch die Gesellschaften [&hellip;]</p>
