{"id":111,"date":"2022-03-23T17:10:15","date_gmt":"2022-03-23T17:10:15","guid":{"rendered":"http:\/\/30-jahre-dra.org\/?post_type=te_announcements&#038;p=111"},"modified":"2022-03-28T20:36:59","modified_gmt":"2022-03-28T18:36:59","slug":"1995-2","status":"publish","type":"te_announcements","link":"http:\/\/30-jahre-dra.org\/?te_announcements=1995-2","title":{"rendered":"1995"},"content":{"rendered":"<div><\/div>\n<h2>1.Herbstgespr\u00e4che<\/h2>\n<div class=\"ewa-rteLine\">\u00a0<strong><em>&#8222;Von der Unterst\u00fctzung zur Kooperation: Entwicklung der Menschen- und B\u00fcrgerrechte in Ru\u00dfland&#8220;<\/em><\/strong><\/div>\n","protected":false},"parent":0,"comment_status":"closed","ping_status":"closed","template":"","class_list":["post-111","te_announcements","type-te_announcements","status-publish","hentry","timeline_express_categories-1992-2002"],"announcement_date":"Announcement Date: 23. M\u00e4rz 1995","announcement_image":{"iframe":false,"url":"http:\/\/30-jahre-dra.org\/wp-content\/uploads\/2022\/03\/1995.jpg"},"_links":{"self":[{"href":"http:\/\/30-jahre-dra.org\/index.php?rest_route=\/wp\/v2\/announcement\/111","targetHints":{"allow":["GET"]}}],"collection":[{"href":"http:\/\/30-jahre-dra.org\/index.php?rest_route=\/wp\/v2\/announcement"}],"about":[{"href":"http:\/\/30-jahre-dra.org\/index.php?rest_route=\/wp\/v2\/types\/te_announcements"}],"replies":[{"embeddable":true,"href":"http:\/\/30-jahre-dra.org\/index.php?rest_route=%2Fwp%2Fv2%2Fcomments&post=111"}],"wp:attachment":[{"href":"http:\/\/30-jahre-dra.org\/index.php?rest_route=%2Fwp%2Fv2%2Fmedia&parent=111"}],"curies":[{"name":"wp","href":"https:\/\/api.w.org\/{rel}","templated":true}]}}

<div></div>
<h2>1.Herbstgespräche</h2>
<div class="ewa-rteLine"> <strong><em>&#8222;Von der Unterstützung zur Kooperation: Entwicklung der Menschen- und Bürgerrechte in Rußland&#8220;</em></strong></div>

Announcement Date: 23. März 1995
