{"id":31,"date":"2022-03-23T15:27:09","date_gmt":"2022-03-23T14:27:09","guid":{"rendered":"http:\/\/30-jahre-dra.org\/?post_type=te_announcements&#038;p=31"},"modified":"2022-03-28T20:36:59","modified_gmt":"2022-03-28T18:36:59","slug":"gruendung-des-dra","status":"publish","type":"te_announcements","link":"http:\/\/30-jahre-dra.org\/?te_announcements=gruendung-des-dra","title":{"rendered":"1992  Gr\u00fcndung des DRA"},"content":{"rendered":"<p>In einer Wohnung in Berlin &#8211;Stra\u00dfe&#8211; gr\u00fcndet sich am 07.03.1992 ? der Deutsch Russische Austausch mit dem Ziel den demokratischen Aufbau in Russland zu unterst\u00fctzen. Der erste Gesch\u00e4ftsf\u00fcher Rudi Piwo im Interview dazu: <a href=\"https:\/\/www.youtube.com\/watch?v=aovPXUmtxmA\">LINK<\/a><\/p>\n<p>Er\u00f6ffnung Partnerb\u00fcros Nemecko-Russkij Obmen in St. Petersburg zun\u00e4chst als Kontakt- und Unterst\u00fctzungsstelle f\u00fcr lokale B\u00fcrgerinitiativen und Sozialprojekte<\/p>\n<table style=\"border-collapse: collapse; width: 5px; height: 87px;\" width=\"195\">\n<tbody>\n<tr>\n<td width=\"195\" height=\"146\"><\/td>\n<\/tr>\n<tr style=\"height: 72.75pt;\">\n<td class=\"xl80\" style=\"width: 146pt; height: 72.75pt;\" width=\"195\" height=\"97\"><\/td>\n<\/tr>\n<\/tbody>\n<\/table>\n<p>&nbsp;<\/p>\n<p>&nbsp;<\/p>\n","protected":false},"parent":0,"comment_status":"closed","ping_status":"closed","template":"","class_list":["post-31","te_announcements","type-te_announcements","status-publish","hentry","timeline_express_categories-1992-2002"],"announcement_date":"Announcement Date: 23. M\u00e4rz 1992","announcement_image":{"iframe":false,"url":"http:\/\/30-jahre-dra.org\/wp-content\/uploads\/2022\/03\/1992_PLACEHOLDER.jpg"},"_links":{"self":[{"href":"http:\/\/30-jahre-dra.org\/index.php?rest_route=\/wp\/v2\/announcement\/31","targetHints":{"allow":["GET"]}}],"collection":[{"href":"http:\/\/30-jahre-dra.org\/index.php?rest_route=\/wp\/v2\/announcement"}],"about":[{"href":"http:\/\/30-jahre-dra.org\/index.php?rest_route=\/wp\/v2\/types\/te_announcements"}],"replies":[{"embeddable":true,"href":"http:\/\/30-jahre-dra.org\/index.php?rest_route=%2Fwp%2Fv2%2Fcomments&post=31"}],"wp:attachment":[{"href":"http:\/\/30-jahre-dra.org\/index.php?rest_route=%2Fwp%2Fv2%2Fmedia&parent=31"}],"curies":[{"name":"wp","href":"https:\/\/api.w.org\/{rel}","templated":true}]}}

1992  Gründung des DRA

<p>In einer Wohnung in Berlin &#8211;Straße&#8211; gründet sich am 07.03.1992 ? der Deutsch Russische Austausch mit dem Ziel den demokratischen Aufbau in Russland zu unterstützen. Der erste Geschäftsfüher Rudi Piwo im Interview dazu: <a href="https://www.youtube.com/watch?v=aovPXUmtxmA">LINK</a></p>
<p>Eröffnung Partnerbüros Nemecko-Russkij Obmen in St. Petersburg zunächst als Kontakt- und Unterstützungsstelle für lokale Bürgerinitiativen und Sozialprojekte</p>
<table style="border-collapse: collapse; width: 5px; height: 87px;" width="195">
<tbody>
<tr>
<td width="195" height="146"></td>
</tr>
<tr style="height: 72.75pt;">
<td class="xl80" style="width: 146pt; height: 72.75pt;" width="195" height="97"></td>
</tr>
</tbody>
</table>
<p>&nbsp;</p>
<p>&nbsp;</p>

Announcement Date: 23. März 1992
